479 + 109 = b*g. List the prime factors of g.
2, 3, 7
Suppose -1019*c + 3*p = -1017*c + 89, -5*p = 15. Suppose -v + 7 = -z, 5*v + 14 = -z - z. What are the prime factors of 2019/21 - z/c?
2, 3
Suppose -3*x = -19 - 2. Let v = x + 12. Suppose -v*p - 132 = -22*p. What are the prime factors of p?
2, 11
Let a = 59 + -161. List the prime factors of (a/12)/(4/560*-2).
5, 7, 17
Let q(u) = -2*u + 16. Suppose 4*p + 4*h - 32 = 0, 0 = -3*p - p + 4*h + 8. Let c be q(p). Let n(g) = 2*g**2 - 4*g. What are the prime factors of n(c)?
2, 3
Let u be (-139)/(68/(-16) - -4). Let b = u + -325. What are the prime factors of b/3 + -3 + 6?
2, 5
Suppose 90*w - 200547 = 3809 + 281284. List the prime factors of w.
2, 19, 71
Let s = 174 - -194. What are the prime factors of (-2 - (-4 - s))*8/10?
2, 37
Let i(o) be the second derivative of -o**5/20 - 25*o**4/12 - 13*o**3/3 + 6*o**2 + o + 9. List the prime factors of i(-24).
2, 3, 5
Let r(g) = g**3 + 3*g**2 + g. Let d(a) = -a - 12. Let m be d(-10). Let s be r(m). Suppose -20 - 34 = -l - s*n, -5*l + n = -325. What are the prime factors of l?
2
Suppose 26*w + 24*w + 7*w - 7296 = 0. List the prime factors of w.
2
Suppose 3*c + c + 103760 = 24*c. List the prime factors of c.
2, 1297
Let h be (-4)/(-10) - (6 - (-1744)/(-40)). Suppose 0 = -h*u + 32*u + 72. What are the prime factors of u?
2, 3
Suppose 0 = -10*t - t. Let x be -2 - (-4 - (3 - t)). Suppose 6*s - 37 = x*s. List the prime factors of s.
37
Let k(q) = 2933*q - 332. List the prime factors of k(2).
2, 2767
What are the prime factors of (-70278)/(-10) + ((-7)/(-35))/(5/5)?
2, 7, 251
Suppose -20 = -4*s, m + 0*m - 5*s + 20 = 0. Suppose -5*i + 49 = -b + m*b, -5*b = -2*i - 20. What are the prime factors of (1 - b)/((-6)/6)?
5
Let l = 4275 + 28095. List the prime factors of l.
2, 3, 5, 13, 83
Let j = 13 + -13. Let h be 24 + j + 0 + 3. Let r = 43 - h. List the prime factors of r.
2
Let r = -74 + 154. Let i = 54 - r. Let m = i - -106. What are the prime factors of m?
2, 5
Suppose -32469 = 11*l + 26*l - 385449. List the prime factors of l.
2, 3, 5, 53
Suppose -10*p + 12*p = -13*p + 532680. What are the prime factors of p?
2, 23, 193
Let b = 1014 + 2264. Suppose -12*w + 106 + b = 0. List the prime factors of w.
2, 3, 47
Let l be (6 - 1)/1*(-56)/35. Let f(z) = -2*z**3 - 8*z**2 + 25*z + 1. What are the prime factors of f(l)?
313
Suppose -24*h - 682 - 6782 = 0. Let y = h - -469. What are the prime factors of y?
2, 79
Let d = 7403 - 5961. What are the prime factors of d?
2, 7, 103
Let b = -16105 - -27071. List the prime factors of b.
2, 5483
Let t = 14493 + -7845. What are the prime factors of t?
2, 3, 277
Suppose 3*i - 4*o + 18 = 0, 5*o - 23 = -3*i - 41. What are the prime factors of ((-9)/i - 0)/(3/258)?
3, 43
Let k(d) = -5*d - 6. Let s be k(-5). Let t be (-15)/6 + (-1)/(-2). Let z = t + s. What are the prime factors of z?
17
Suppose -f - 23 = -5*v + 52, -3*f - 85 = -5*v. Let o be 2/(-7) - (-900)/v. Suppose o = 2*y - 426. What are the prime factors of y?
5, 7
Let s(k) be the second derivative of k**5/20 - 13*k**4/12 - 5*k**3/2 - 9*k**2/2 - 14*k. Let r be s(14). Let a = r + 72. What are the prime factors of a?
7
Suppose 38*d - d - 148 = 0. Suppose -4*v + d*m + 6828 = 0, 34*m + 1717 = v + 31*m. What are the prime factors of v?
2, 23, 37
Let x be (-778)/(-6) + (-2)/(-6). Let d(p) = p**3 + 9*p**2 - 5*p - 58. Let y be d(-7). Let w = y + x. What are the prime factors of w?
5, 41
What are the prime factors of 1680021/105 + (-4)/(-5)?
16001
Suppose 0 = 4*j - 38 + 6. Let h(s) = 9*s**2 + 24*s - 98. List the prime factors of h(j).
2, 5, 67
Suppose x - 1447 - 917 = 0. Suppose -1317 = -o + 3*j, 5*j + 7618 - x = 4*o. List the prime factors of o.
3, 19, 23
Suppose 0 = 6549*v - 6545*v - 4312. What are the prime factors of v?
2, 7, 11
Let z = -7261 + 16707. List the prime factors of z.
2, 4723
Let z(y) = -3*y**3 - 105*y**2 - 29*y - 11. List the prime factors of z(-36).
7, 19, 37
Suppose -16 = -h + 3. Let q = -14 + h. Suppose 0 = -2*l - z - z + 62, 4*l - q*z - 151 = 0. List the prime factors of l.
2, 17
Suppose 0 = 23*i - 33*i + 60. What are the prime factors of (i - 27)/(6/(-34))?
7, 17
Let r be (-1)/7 + 500/(-28). Let z be r/(-4 - 2) - (0 + 175). What are the prime factors of -5*4/(16/z)?
5, 43
Suppose 76*x - 74*x - z - 64133 = 0, 0 = -x + 7*z + 32099. What are the prime factors of x?
2, 3, 167
Let a = 211 + -156. What are the prime factors of (-22)/a*(-325)/(-3)*-6?
2, 5, 13
Let y(i) = 484*i**2 - 3*i + 12. What are the prime factors of y(2)?
2, 971
Let k(m) = m**2 + 9*m + 17. Let b be k(-6). Let z be ((760 + b)/(-3) - -1)*-1. Let x = z - 161. List the prime factors of x.
7, 13
Suppose 121477 = -60*n + 551077. List the prime factors of n.
2, 5, 179
Let u be (0*(-7)/(-42))/6. Suppose -3*z + 4*f = 3*f - 246, u = -5*z - f + 410. What are the prime factors of z?
2, 41
Let r be (-8230)/(-15) + 1/3. Let i = 917 - r. Suppose -4*k + g = -i, -61 = -k + 3*g + 31. List the prime factors of k.
2, 23
Let w(o) = -o**3 + 6*o**2 - 5*o - 4. Let r be w(5). Let c be r + -9 + (0 - 2). List the prime factors of (-612)/85*c/2.
2, 3
Let o = 10571 + -7291. List the prime factors of o.
2, 5, 41
Let m(a) = -9*a + 23. Let n be m(3). Let k be ((0/n)/(-1))/(-1 - 1). Suppose q - 131 - 32 = k. What are the prime factors of q?
163
Let q(f) = -322*f - 975. What are the prime factors of q(-24)?
3, 2251
Suppose w + 3*f - 9 = 0, -2*f + 3 = -3. Suppose 2*a + 3*j + 9 = 6*a, w = -j + 1. Let i(c) = -c**2 + 8*c - 4. What are the prime factors of i(a)?
11
Let y(q) = q**3 - 2*q**2 - 10*q + 9. Let o be y(4). List the prime factors of (1 + 18)/((-2)/(-8)*o).
2, 19
Suppose -49*m + 19*m - 42720 = 0. Let l = -41 - m. List the prime factors of l.
3, 461
Let d(p) = 3 - 14*p**2 - 97*p + 11 + 56*p + p**3 + 86*p. List the prime factors of d(12).
2, 7, 19
Let b = 124 + -240. Let r = 114 + b. List the prime factors of r - 16/(-6) - 4354/(-21).
2, 13
Suppose 4*g - q - 31663 = 0, 5*q = 374 - 349. What are the prime factors of g?
3, 7, 13, 29
Let a = 153 - 59. Let z = -65 + a. What are the prime factors of 2*(-3)/(-6)*z?
29
Suppose 4*r - 11626 = -2*u, 4*r - 11213 = -3*u + 6240. What are the prime factors of u?
5827
Let u(r) = 66*r**3 + 7*r + 1. What are the prime factors of u(4)?
4253
Let j = -35160 - -50570. List the prime factors of j.
2, 5, 23, 67
List the prime factors of ((-3786)/(-12))/((-345)/70 - -5).
7, 631
Let w(h) be the first derivative of h**4/12 - 7*h**3/6 + 9*h**2 + 9*h - 4. Let a(d) be the first derivative of w(d). List the prime factors of a(8).
2, 13
Let b be (-2)/9 + (1 - 14/(-63)). Let y(w) = 27*w - 1. Let f be y(b). Let m = f + 164. List the prime factors of m.
2, 5, 19
Let s = 191 - 177. List the prime factors of 2*2/(-8) + 3997/s.
3, 5, 19
Suppose -4*g = -5*x + 31, 5*x + 2*g - 6 = 1. Suppose 4*m = 5*i - 473, -x*m = 3*i - 7*m - 279. List the prime factors of i.
97
Let l(s) = -4556*s**3 - s**2 - 5*s - 16. What are the prime factors of l(-2)?
2, 3, 6073
Suppose 0 = 2*s - 13 - 13. Let l = s + -6. Suppose 0 = n - 13 - l. List the prime factors of n.
2, 5
Suppose -1754 + 1706 = 8*k. List the prime factors of ((-2)/k)/((-27)/162)*-823.
2, 823
Let q(j) = j**2 + 6*j - 160. Suppose 26*l = 5*l + 693. List the prime factors of q(l).
7, 23
Suppose 0 = 3*l - 7*l - i + 4557, -2*l + 2271 = -i. Let u = l - 735. List the prime factors of u.
13, 31
Let c(k) = 322 - 577 + 296 - 356*k. List the prime factors of c(-1).
397
Suppose 0 = -10*m + 6328 + 3572. Suppose -4*c + 474 = -m. List the prime factors of c.
2, 3, 61
Suppose n = -145*i + 144*i + 1347, -1337 = -i - 3*n. List the prime factors of i.
2, 13
Let s(d) = -d**2 - 10*d - 27. Let g be s(-6). Let v be 59*(2 + g) + (-69)/(-23). Let n = v + 82. List the prime factors of n.
2, 13
Suppose 5*t - 22 = -2*c, t - 7 = -5*c + 2. Suppose 0 = 3*y - 2*v + 5 + 12, t*y - 3*v = -24. What are the prime factors of (-2)/((102/(-33) - y)/1)?
2, 11
Suppose 3*j - 43848 = 3*t, -4*j + t = -64358 + 5897. List the prime factors of j.
5, 37, 79
Suppose w - 3 - 3 = 0. Suppose w*f = f. Suppose 3*g - 75 = -f*g. List the prime factors of g.
5
What are the prime factors of 59175/45 + 0 + 12?
1327
Let h = -327 - -177. Let p = 675 + h. List the prime factors of p.
3, 5, 7
Let j be (0 - (1 + 0))/(-1). List the prime factors of 65